at is -2011331302 (base 5) in base 16?
-3d35bc
What is 44540452 (base 8) in base 3?
200002122000100
What is 310200210 (base 4) in base 14?
58548
11010101001100101100001 (base 2) to base 15
92ee3b
121220244 (base 5) to base 3
1001221222212
-1012020111 (base 4) to base 11
-1868aa
-22020000022110 (base 3) to base 13
-ba0018
10100101121112 (base 3) to base 11
1005820
What is -525425 (base 7) in base 12?
-4463b
Convert -381506 (base 11) to base 9.
-1117076
What is 12440341 (base 5) in base 2?
11110011000110111
What is -100111000010001000 (base 2) in base 5?
-20104010
What is -111010001000100011 (base 2) in base 12?
-b596b
What is 2c9781 (base 13) in base 6?
35414043
Convert 2043688 (base 9) to base 7.
12165215
Convert 55141152 (base 7) to base 12.
1702a80
86a74 (base 12) to base 6
3451024
17c4 (base 15) to base 12
2b7a
Convert 5054c3 (base 16) to base 4.
110011103003
465232 (base 7) to base 9
136444
Convert -1012133012 (base 4) to base 3.
-112200000222
4102001 (base 6) to base 13
6a8b2
What is -303131032 (base 4) in base 15?
-426b1
-20157362 (base 8) to base 13
-b5b111
-a56a (base 11) to base 3
-201012012
What is -5a0793 (base 14) in base 11?
-1810146
What is 2001010010101 (base 3) in base 8?
4106653
What is -31231331003 (base 4) in base 13?
-98ba90
What is 2510302 (base 6) in base 10?
133598
Convert 56257627 (base 8) to base 3.
211212012210022
What is -608500 (base 10) in base 15?
-c046a
7710319 (base 11) to base 13
2a625bc
What is 100629 (base 11) in base 15?
32e23
Convert -10278815 (base 9) to base 7.
-60050441
-90328 (base 12) to base 8
-555320
What is 142631 (base 8) in base 10?
50585
-6db3e (base 15) to base 8
-1253717
What is 2033241 (base 5) in base 4?
20030203
What is 1867917 (base 10) in base 11?
1066437
Convert 101011011110111100 (base 2) to base 14.
48ca0
136468 (base 13) to base 8
1627610
Convert 614bc7 (base 13) to base 8.
10513771
-1440555255 (base 6) to base 10
-17962451
-104464 (base 7) to base 14
-69db
Convert -10111202221 (base 3) to base 4.
-100313203
Convert 1823635 (base 9) to base 14.
1c784c
3141011 (base 11) to base 14
a4150d
-52b6b (base 15) to base 8
-1000463
-84658 (base 9) to base 2
-1101101010000111
-2781aa5 (base 11) to base 15
-64950d
What is 64e1c (base 15) in base 11?
1a9818
Convert 2625557 (base 10) to base 2.
1010000001000000010101
What is 19894 (base 12) in base 16?
92b0
Convert 203301202 (base 4) to base 11.
a00aa
Convert -eb42e (base 15) to base 9.
-1357388
Convert -111000010010010 (base 2) to base 9.
-43470
What is 98163c (base 13) in base 14?
69037d
Convert -52232132 (base 6) to base 12.
-60b648
What is 33ba3e (base 15) in base 3?
11122110102112
What is -40baa (base 15) in base 13?
-724a8
e325 (base 16) to base 13
20610
Convert -97798 (base 14) to base 9.
-617615
Convert 22012010210 (base 3) to base 5.
20124321
Convert 1012112001121 (base 3) to base 11.
3a7a14
Convert 2646356 (base 7) to base 4.
1110331112
f511a (base 16) to base 7
11350352
What is 1dd91 (base 14) in base 10?
76763
What is 598560 (base 14) in base 9?
5670554
Convert -32550101 (base 8) to base 16.
-6ad041
Convert -11111011110000110 (base 2) to base 4.
-133132012
-292a1 (base 11) to base 13
-15c31
What is 1101413320 (base 5) in base 6?
122505532
456650 (base 10) to base 4
1233133022
Convert 230303342 (base 5) to base 9.
1832613
What is 100010101001011101 (base 2) in base 14?
39a0d
What is 324996 (base 10) in base 11?
2021a1
What is -49687 (base 14) in base 13?
-63a08
-11000011101011100000100 (base 2) to base 16
-61d704
2133312 (base 4) to base 3
112000220
-2b7d9 (base 15) to base 7
-1122420
Convert 1801a (base 12) to base 16.
8716
Convert 10435310 (base 6) to base 5.
40103442
2003321220 (base 4) to base 8
2037150
2222011121 (base 3) to base 12
299a4
What is -577723 (base 11) in base 12?
-383263
What is 230440014 (base 7) in base 14?
1c261b4
552126 (base 10) to base 5
120132001
948200 (base 14) to base 12
181b034
-27693 (base 15) to base 13
-45693
What is 100101011011101001000 (base 2) in base 12?
4b19a0
What is -7975 (base 16) in base 4?
-13211311
100000000010101111 (base 2) to base 3
20200001000
Convert 645423 (base 12) to base 13.
43669b
-11203231302 (base 4) to base 16
-163b72
-27c73 (base 15) to base 6
-2423043
Convert 188426 (base 11) to base 15.
5aae4
What is -42155110 (base 6) in base 2?
-100101011111010010010
What is 11a464 (base 11) in base 12?
91844
515764 (base 12) to base 2
100110111001011111100
Convert 2466d2 (base 14) to base 9.
2310666
What is a1458 (base 11) in base 12?
71994
What is -28a91 (base 11) in base 6?
-514532
1a7da6 (base 14) to base 8
3463416
23223223 (base 7) to base 8
7617451
What is 23211212031 (base 4) in base 5?
1234200311
103834 (base 9) to base 15
1352a
Convert 3ac79 (base 15) to base 7.
1413246
Convert -3408321 (base 9) to base 16.
-1c0645
1156202 (base 7) to base 4
210102023
Convert -16415644 (base 7) to base 14.
-2d96cb
What is 2001221220100 (base 3) in base 7?
12235134
Convert -120001002011 (base 3) to base 4.
-1020101200
54a0ab (base 12) to base 3
2112022022212
Convert 110001101100010100001011 (base 2) to base 6.
1143112111
Convert -34c1 (base 14) to base 6.
-110305
What is -545152304 (base 6) in base 13?
-203c155
What is 32ad (base 15) in base 11?
8082
What is 2756621 (base 11) in base 10?
4752419
Convert -14221342 (base 5) to base 9.
-245440
Convert -3146614 (base 8) to base 13.
-234ba6
2355a (base 11) to base 6
421053
Convert -24533122 (base 6) to base 9.
-1433555
Convert -7ed38 (base 16) to base 4.
-1332310320
-435262 (base 9) to base 12
-106392
What is -13023323 (base 5) in base 7?
-1035266
What is 6928 (base 15) in base 12?
10ab5
What is -310210322 (base 4) in base 7?
-1554566
Convert -1d44f (base 16) to base 7.
-1006345
Convert 2206843 (base 9) to base 14.
22c333
Convert 1525d71 (base 14) to base 16.
9d58af
Convert -11110010011111000 (base 2) to base 5.
-12433102
What is 11212101222 (base 3) in base 13?
347ab
What is 455274 (base 8) in base 12?
75364
Convert 2511324 (base 6) to base 13.
48bb6
What is -140443 (base 6) in base 9?
-20010
Convert 1605364 (base 7) to base 4.
311303233
41141213 (base 5) to base 13
b8cc2
Convert -28b2068 (base 12) to base 2.
-11111010000100011010000
848a51 (base 14) to base 7
53036631
-1301222223 (base 4) to base 5
-104344304
What is 17701431 (base 8) in base 16?
3f8319
Convert -2452754 (base 11) to base 7.
-51146530
What is 31266166 (base 7) in base 5?
1133412303
Convert 2330342 (base 5) to base 16.
a665
What is 1566 (base 12) in base 3?
10110120
-187a30 (base 12) to base 10
-428292
Convert 721841 (base 10) to base 14.
14b0c1
Convert 122523414 (base 6) to base 14.
45b7a2
Convert -5807434 (base 9) to base 8.
-13753117
What is 2c0684 (base 13) in base 16?
1093e8
Convert -23231120121 (base 4) to base 12.
-1040389
What is -2302100 (base 6) in base 12?
-57930
Convert 1643176 (base 10) to base 16.
1912a8
Convert 221020012010 (base 3) to base 7.
4135530
-3301532 (base 6) to base 5
-20214322
-13304430140 (base 5) to base 16
-1017943
110211122211100 (base 3) to base 5
3221321224
What is 105a3c (base 14) in base 4?
2013021112
What is 183207 (base 9) in base 14?
2d713
What is 48a45a (base 12) in base 4?
10133320012
Convert -33513 (base 12) to base 16.
-10a1f
11220001201220 (base 3) to base 8
11724776
110000000001111100 (base 2) to base 15
3d457
What is -3b3c4 (base 14) in base 3?
-21102112112
What is -406814 (base 9) in base 12?
-b7727
Convert -3689ce (base 15) to base 4.
-21331132112
-9dd26 (base 14) to base 4
-1131233332
What is -214504 (base 8) in base 3?
-10122202211
Convert -70016 (base 11) to base 12.
-4b3a0
Convert -101211101110121 (base 3) to base 8.
-25750272
What is -5242027 (base 9) in base 8?
-12542526
-2101110110 (base 3) to base 9
-71413
-117300 (base 10) to base 12
-57a70
Convert -22010121221112 (base 3) to base 11.
-2492977
Convert -11110011001110011 (base 2) to base 10.
-124531
-344242002 (base 6) to base 11
-3659184
-298838 (base 13) to base 15
-151c25
-11000000000011000 (base 2) to base 11
-6796a
What is 1a01b (base 16) in base 9?
172108
Convert -61610056 (base 7) to base 12.
-188b467
What is 146466521 (base 7) in base 3?
200112101001002
What is -652460 (base 7) in base 15?
-23a9b
Convert -102210112001022 (base 3) to base 10.
-6269435
What is 284187 (base 9) 